233.
180
Let v(l) = l**3 + 7*l**2 - 8*l + 4. Let b be v(-8). Let i(p) = -2*p**2 + 27*p + 25. Calculate the remainder when 1932/98 + b/14 is divided by i(14).
9
Let v(n) = -13*n - 9. Let j be v(-5). Let m = j + -49. Suppose -3*q + 35 - 5 = 0. What is the remainder when q is divided by m?
3
Let s be 83 - (-5)/25*-5. Let y be 6/(-9) + s/6. Suppose -12*d + y*d = 187. Calculate the remainder when d is divided by 27.
25
Let j(n) = n**2 - 13*n - 8. Let x be j(15). Suppose 4*m - x*m = -234. What is the remainder when m is divided by 8?
5
Let a(x) = -2*x + 2. Suppose 0 = 4*c + 2*z + 4, -2*c - 5*z - 10 = -c. Let h be a(c). Suppose -91 + 21 = -h*k. Calculate the remainder when 67 is divided by k.
32
Suppose -444 = -4*c + 209*p - 205*p, 101 = c + p. What is the remainder when 185 is divided by c?
79
Let p be (6/(-3))/(8/84). Suppose 316 = -0*y + 4*y. Let j = y + p. Calculate the remainder when j is divided by 10.
8
Let g = 31 - 40. Let v(h) be the third derivative of -h**6/120 - h**5/6 - h**4/2 - h**3/2 + 22*h**2. What is the remainder when v(g) is divided by 13?
11
Let z = 15460 - 15403. Let p = 25 - 10. Calculate the remainder when z is divided by p.
12
Suppose 4*d - 20 = m + 4*m, 0 = -4*d - 2*m - 8. Suppose -192 = -4*h - d*h. Calculate the remainder when h is divided by (136/112*14/(-4))/(3/(-12)).
14
Suppose 4*m + 8 = 0, -4*l + 3*m - 7*m + 36392 = 0. Calculate the remainder when l is divided by 123.
121
Suppose n - 84 = 7*n. Let g(a) = -3*a - 32. Suppose 0 = o + 3*o - 388. What is the remainder when o is divided by g(n)?
7
Let j be (-7 + 5)/((-2)/3). Let t be 1935 - (1 + -3 - (1 - j)). Calculate the remainder when 164 is divided by t/60 - 3*2/(-8).
32
Let h(p) = -3*p**3 - 41*p**2 + 42*p + 73. Let m(u) = u**3 + 21*u**2 - 21*u - 37. Let k(s) = -2*h(s) - 5*m(s). What is the remainder when 82 is divided by k(22)?
14
Let f = 733 - 388. Suppose -f = 26*w - 41*w. Calculate the remainder when 113 is divided by w.
21
Let s(c) = c**2 - 33. Let x be s(7). Suppose 0 = 4*i - 1110 + 302. Calculate the remainder when 24 is divided by (-24)/(-64) + i/x.
11
Let p(w) = 3*w + 17. Let i(a) = a + 6. Let l(q) = 11*i(q) - 4*p(q). Let x be l(-1). What is the remainder when 71 is divided by 6/(-12)*37*(-1 + x)?
34
Suppose 5*v = 17 - 17. Suppose -4*j = c - 13, 2*j + v = 2. Let z = 30 - c. Calculate the remainder when 230 is divided by z.
20
Let v(y) = y**3 + 12*y**2 + 12*y + 32. Let l be v(-11). Suppose 0 = 27*q + l*q - 624. Calculate the remainder when 165 is divided by q.
9
Suppose 15*m = 2*m - 1482. Let q = 0 - m. What is the remainder when q is divided by 30?
24
Let g = 4083 - 3788. What is the remainder when g is divided by 130?
35
Let t be 42180/210 - (-1)/7. Suppose -19*g + 312 + t = 0. Calculate the remainder when g is divided by 6.
3
Calculate the remainder when 81 - (1 + -6 + 0) is divided by (4 - -20) + 0 + -3 - 1.
6
Let k = 3936 - 3925. What is the remainder when 21 is divided by k?
10
Suppose -86 = -v - 234. Let u = -139 - v. Suppose 0 = -5*k + 3*k + 4*f + 230, 5*f = 2*k - 234. Calculate the remainder when k is divided by u.
8
Let j(v) = 11*v**2 + 22*v - 107. What is the remainder when j(5) is divided by 56?
54
Suppose 0 = -4*x + f + 38, -5*x - 4*f + 58 = -0*f. What is the remainder when 6/(-15) - (204/x)/(-1) is divided by (-17)/(-2) - 3/6?
4
Let j = -3024 - -3922. What is the remainder when j is divided by 45?
43
Suppose 18 = 2*t + 7*b - 2*b, 4 = -t + 4*b. Suppose -2*h = -5*o + 401, -t*o + 2*h + 319 = h. What is the remainder when o is divided by 28?
23
Suppose -45 = -0*s - 3*s. Suppose 12*y = 10*y + 826. Suppose 4*d + 121 = y. Calculate the remainder when d is divided by s.
13
Calculate the remainder when 10/(-30)*(-48 + -7386) is divided by 37.
36
Let z = 1886 - 1860. Suppose 5*q - 3*y - 259 = 85, 0 = 4*q + 5*y - 290. What is the remainder when q is divided by z?
18
Let x(o) = -o**3 + 21*o**2 - o + 15. Let n be x(21). Calculate the remainder when (91/14 + n)*98 is divided by 15.
4
Let i = -7 - -3. Let t(g) = -g**3 - 3*g**2 - 2*g + 3. What is the remainder when t(-5) is divided by (i + 0 + 1)/(60/(-220))?
8
Let r = -10095 - -10129. Calculate the remainder when 1971 is divided by r.
33
Suppose 6*s - 4*v + 52 = 2*s, 4*s + 92 = -4*v. Calculate the remainder when 196 is divided by (268/8)/((-9)/s).
62
Let d(j) = 11*j**2 + 8*j - 16. Let w be d(-14). Calculate the remainder when -1*(-8)/68 + w/102 is divided by 8.
4
Suppose -57384 = -250*i - 18384. Calculate the remainder when 1102 is divided by i.
10
Suppose 5*y - 26 = -16. Suppose -y*j - 21 = -51. What is the remainder when 581 is divided by j?
11
Let p be 1/(-2) - 8811/(-22). Suppose -4*k + 276 = -4*r, 5*r - 4*k - 60 = -p. What is the remainder when (-6)/16 - 6744/r is divided by 27?
24
Suppose -g - g + 294 = 0. Suppose -3*w + 153 = 3*b, 2*b + 60*b = w + 3225. What is the remainder when g is divided by b?
43
Let n = -15 - -9. Let i(j) = -163772 - 10*j + 327524 - 163793. Calculate the remainder when 65 is divided by i(n).
8
Let u = 704 - 687. What is the remainder when (-14)/4*(11 - 25) is divided by u?
15
Let v = 47 - -26. Let y = v - 43. Suppose -2*g + 16 = -y. Calculate the remainder when 68 is divided by g.
22
Suppose 6*c = 9*c + 327. Let z = -10 + c. Let y = -107 - z. Calculate the remainder when y is divided by 8.
4
Let s(n) = -2*n**3 + 4*n**2 + 5*n + 1. Suppose -3*f - 15 = -8*f. Suppose -5*t + 10 = z + 4*z, -f*t + 10 = z. What is the remainder when 136 is divided by s(z)?
21
Let q = 0 - -17. Suppose 1132*k = 57564 + 23940. What is the remainder when k is divided by q?
4
What is the remainder when 54*6*658/84 is divided by 77?
74
Let a(i) = 37*i**2 - 22*i + 95. Calculate the remainder when 1811 is divided by a(4).
14
Let c(a) = 6*a - 25. Let k(s) = 11*s + 6 + 3 + 1 - s**2 - 4*s. Let y be k(7). What is the remainder when c(y) is divided by 18?
17
Suppose 2*f - 6 + 6 = 0. Suppose k = -f*k. Suppose v + 0*d - 2 = 5*d, -v - 5*d + 42 = k. What is the remainder when 86 is divided by v?
20
What is the remainder when 669 is divided by ((-90)/(-10) - 59)*(9/3)/(-6)?
19
Let d be (0 - -3) + 2/(6 - 4). Suppose -4*c = -d*c + 3*c. Suppose 5*y - 91 - 109 = c. What is the remainder when y is divided by 15?
10
Suppose 19*s = -0*s + 124317. What is the remainder when s is divided by 17?
15
Let l(f) = -29*f**2 - 961*f - 13. What is the remainder when 1189 is divided by l(-33)?
118
Suppose 6*j - 3*j = -5*s - 5, -4*s - 4 = 0. Suppose 54 = -2*t + 3*t + 3*f, j = -2*t - 5*f + 111. Calculate the remainder when 124 is divided by t.
61
Suppose 49*h - 78650 = -57*h + 41*h. What is the remainder when h is divided by 1183?
27
Let k = -333 + 374. Calculate the remainder when 1636 is divided by k.
37
Suppose 212 = 31*u - 67. Calculate the remainder when 1092 is divided by u.
3
Let z be 7 + -1 + (4 - 7). Suppose x + z = -2, 49 = c - 4*x. Calculate the remainder when c is divided by ((-45)/6)/(6/(-12)).
14
Suppose i + 0 = 49. Suppose -4*w - 5*a - 140 = -695, 4*a = -5*w + 705. Calculate the remainder when w is divided by i.
47
Let h = 11275 + -11217. Calculate the remainder when 69 is divided by h.
11
Let c(m) = m**2 - m + 6. Let a be c(-5). Suppose -2*z + 5*x + 7 = -17, -2*z = x - a. What is the remainder when 7 - 1834/(-28)*4 is divided by z?
14
Let h(a) = -235 - 15*a - 262 - 16*a + 180. Calculate the remainder when 41 - (2 + 0)/2 is divided by h(-11).
16
Let x be (16/(-48))/(2/(-24)*1). Let k(h) = 11*h - 1. Let m be k(x). Suppose 0 = -47*g + m*g + 4. What is the remainder when 1 is divided by g?
0
Suppose 290 = 4*j + 2*y - 294, -5*j - y = -724. Calculate the remainder when j is divided by 84.
60
Let g be 228/36*(0 + (3 - -90)). Suppose 0 = 13*m - 100 - g. Calculate the remainder when m is divided by 9.
8
Suppose 10*m - 13 - 47 = 0. Let g(p) = p**3 - 6*p**2 + 6*p - 6. Let f be g(m). What is the remainder when 181 is divided by 24/f*((-61)/(-2) - -2)?
25
Let k(s) be the first derivative of -43*s**2/2 - 236*s + 181. Calculate the remainder when 85 is divided by k(-6).
19
Let d = -162 + 266. Calculate the remainder when 399 is divided by d.
87
Suppose 31*a - 2990 + 324 = -0*a. Calculate the remainder when 183 is divided by a.
11
Suppose 2268 = -3*v + 11*v + 4*v. What is the remainder when v is divided by 182?
7
Let o be (-3)/6 - (-60)/8. Le